{"id":700,"date":"2020-12-14T15:12:00","date_gmt":"2020-12-14T15:12:00","guid":{"rendered":"http:\/\/bens-bestattungen.de\/?page_id=700"},"modified":"2023-12-14T08:54:29","modified_gmt":"2023-12-14T08:54:29","slug":"team","status":"publish","type":"page","link":"https:\/\/bens-bestattungen.de\/index.php\/team\/","title":{"rendered":"Team"},"content":{"rendered":"<div>\n<h3>Das Bens Bestattungen-Team<\/h3>\n<div>\n<p>Unser Bestattungshaus hat eine lange Geschichte. Mit dem Wandel der Zeit hat sich auch das Unternehmen stetig weiterentwickelt. Heute profitieren wir von unseren umfangreichen Erfahrungen in der Vergangenheit und von unserem Wissen.<\/p>\n<p>Als moderner Bestatterbetrieb blicken wir auf eine beachtliche Entwicklung zur\u00fcck. Wir stehen Ihnen <strong>seit 1898<\/strong> zur Seite. Sprechen Sie uns an.<\/p>\n<\/div>\n<\/div>\n<ul>\n<li>\n<p>        <img src=\"\/wp-content\/uploads\/2021\/06\/4-scaled-e1624347363943.jpg\" alt=\"\"><\/p>\n<h2>Silke Bens<\/h2>\n<p>Trauerberatung \u2022 Betreuung \u2022 Bestattungsvorsorge \u2022 Veranstaltungen<\/p>\n<\/li>\n<li>\n<p>        <img src=\"\/wp-content\/uploads\/2021\/06\/2-scaled.jpg\" alt=\"\"><\/p>\n<h2>Marvin Bens<\/h2>\n<p>Fachgepr\u00fcfter Thanatopraktiker \u2022 Abholung \u2022 Versorgung \u2022 Aufbahrung \u2022 \u00dcberf\u00fchrung \u2022 Thanatopraxie<\/p>\n<\/li>\n<li>\n<p>        <img src=\"\/wp-content\/uploads\/2021\/06\/5-scaled-e1624347392608.jpg\" alt=\"\"><\/p>\n<h2>Jana Bens<\/h2>\n<p>Kaufm\u00e4nnische Angestellte \u2022 Betreuung \u2022 Trauerberatung \u2022 Bestattungsvorsorge<\/p>\n<\/li>\n<li>\n<p>        <img src=\"\/wp-content\/uploads\/2021\/06\/3-scaled.jpg\" alt=\"\"><\/p>\n<h2>Bruno<\/h2>\n<p>B\u00fcrohund<\/p>\n<\/li>\n<\/ul>\n<div>\n<h2>Wir sind an f\u00fcnf Standorten f\u00fcr Sie vertreten.<\/h2>\n<div>\n<p>F\u00fcr Abschiednahmen im besonders pers\u00f6nlichen und w\u00fcrdevollen Ambiente steht Ihnen au\u00dferdem auch unsere Kleine Kapelle Bens mit Abschiedsraum und Andachtshalle zur Verf\u00fcgung.\u00a0<\/p>\n<h5><strong>Wir sind gerne f\u00fcr Sie da!<\/strong><\/h5>\n<\/div>\n<\/div>\n<ul>\n<li>\n<p>53.4979,8.4464<\/p>\n<div>\n<p><em><strong>POSTANSCHRIFT UND HAUPTSITZ<\/strong><\/em><br \/>Sarver Stra\u00dfe 48<br \/>26954 Nordenham<\/p>\n<\/div>\n<\/li>\n<li>\n<p>53.4994,8.47677<\/p>\n<div>\n<p><em><strong>BESTATTUNGSHAUS BENS IN NORDENHAM<\/strong><br \/>Besprechungs-, Ausstellungs- und Abschiedsr\u00e4ume<\/em><br \/>Fr\u00f6belstr. 1<br \/>26954 Nordenham<\/p>\n<\/div>\n<\/li>\n<li>\n<p>53.4021,8.45282<\/p>\n<div>\n<p><em><strong>BESTATTUNGSHAUS BENS IN RODENKIRCHEN<\/strong><br \/>Besprechungs-, Ausstellungs- und Abschiedsr\u00e4ume<\/em><br \/>Stadlander Platz 4a<br \/>26935 Stadland-Rodenkirchen<\/p>\n<\/div>\n<\/li>\n<li>\n<p>53.3421,8.4213<\/p>\n<div>\n<p><em><strong>BESTATTUNGSHAUS BENS IN OVELG\u00d6NNE<\/strong><br \/>Besprechungs-, Ausstellungs- und Abschiedsr\u00e4ume<\/em><br \/>Breite Stra\u00dfe 21<br \/>26939 Ovelg\u00f6nne<\/p>\n<\/div>\n<\/li>\n<li>\n<p>53.4861,8.48093<\/p>\n<div>\n<p><em><strong>KLEINE KAPELLE BENS<\/strong><br \/>Abschiedsr\u00e4ume und Andachtshalle<\/em><br \/>St.\u2013Laurentius-Stra\u00dfe 7<br \/>26954 Nordenham<\/p>\n<\/div>\n<\/li>\n<\/ul>\n<div>\n<h2>Hier finden Sie uns<\/h2>\n<div>\n<p><em><strong>POSTANSCHRIFT UND HAUPTSITZ<\/strong><\/em><\/p>\n<p data-pm-slice=\"1 1 [&quot;bulletList&quot;,null,&quot;listItem&quot;,null]\">Fr\u00f6belstra\u00dfe 1<br \/>26954 Nordenham<\/p>\n<p><em><strong>BESTATTUNGSHAUS BENS IN NORDENHAM<\/strong><br \/>Besprechungs-, Ausstellungs- und Abschiedsr\u00e4ume<\/em><br \/>Fr\u00f6belstr. 1<br \/>26954 Nordenham<\/p>\n<p data-pm-slice=\"1 1 [&quot;bulletList&quot;,null,&quot;listItem&quot;,null]\">Sarver Stra\u00dfe 51<br \/>26954 Nordenham<\/p>\n<p><em><strong>KLEINE KAPELLE BENS<\/strong><br \/>Abschiedsr\u00e4ume und Andachtshalle<\/em><br \/>St.\u2013Laurentius-Stra\u00dfe 7<br \/>26954 Nordenham<\/p>\n<\/div>\n<\/div>\n<p><!--more--><br \/>\n<!-- {\"name\":\"Team\",\"type\":\"layout\",\"children\":[{\"name\":\"Call to Action\",\"type\":\"section\",\"props\":{\"style\":\"default\",\"width\":\"\",\"vertical_align\":\"middle\",\"title_position\":\"top-left\",\"title_rotation\":\"left\",\"title_breakpoint\":\"xl\",\"image_position\":\"center-center\",\"padding\":\"none\"},\"children\":[{\"name\":\"\",\"type\":\"row\",\"props\":{\"layout\":\"1-3,2-3\",\"vertical_align\":false,\"column_gap\":\"small\",\"row_gap\":\"small\"},\"children\":[{\"name\":\"\",\"type\":\"column\",\"props\":{\"image_position\":\"center-center\",\"image\":\"\",\"css\":\".el-column {\\n    min-height: 500px;\\n}\",\"image_size\":\"cover\",\"image_width\":\"1570\",\"media_overlay_gradient\":\"\",\"width_medium\":\"1-3\",\"media_overlay\":\"rgba(225, 238, 243, 0.38)\",\"style\":\"primary\",\"position_sticky_breakpoint\":\"m\"},\"children\":[{\"type\":\"panel\",\"props\":{\"link_text\":\"Read more\",\"title_hover_style\":\"reset\",\"title_element\":\"h3\",\"title_align\":\"top\",\"title_grid_width\":\"1-2\",\"title_grid_breakpoint\":\"m\",\"meta_style\":\"meta\",\"meta_align\":\"below-title\",\"meta_element\":\"div\",\"content_column_breakpoint\":\"m\",\"icon_width\":80,\"image_align\":\"top\",\"image_grid_width\":\"1-2\",\"image_grid_breakpoint\":\"m\",\"image_svg_color\":\"emphasis\",\"link_style\":\"default\",\"margin\":\"default\",\"panel_style\":\"card-primary\",\"content\":\"\n\n<p>Unser Bestattungshaus hat eine lange Geschichte. Mit dem Wandel der Zeit hat sich auch das Unternehmen stetig weiterentwickelt. Heute profitieren wir von unseren umfangreichen Erfahrungen in der Vergangenheit und von unserem Wissen.<\\\/p>\\n\n\n<p>Als moderner Bestatterbetrieb blicken wir auf eine beachtliche Entwicklung zur\\u00fcck. Wir stehen Ihnen <strong>seit 1898<\\\/strong> zur Seite. Sprechen Sie uns an.<\\\/p>\",\"title\":\"Das Bens Bestattungen-Team\",\"title_style\":\"heading-small\",\"panel_padding\":\"default\"}}]},{\"name\":\"\",\"type\":\"column\",\"props\":{\"image_position\":\"center-center\",\"style\":\"primary\",\"padding\":\"xlarge\",\"media_overlay_gradient\":\"\",\"width_medium\":\"2-3\",\"image\":\"wp-content\\\/uploads\\\/2021\\\/06\\\/1-scaled.jpg\",\"image_size\":\"cover\",\"position_sticky_breakpoint\":\"m\"},\"children\":[]}]}]},{\"type\":\"section\",\"props\":{\"style\":\"default\",\"width\":\"large\",\"vertical_align\":\"middle\",\"title_position\":\"top-left\",\"title_rotation\":\"left\",\"title_breakpoint\":\"xl\",\"image_position\":\"center-center\",\"padding\":\"xlarge\"},\"children\":[{\"type\":\"row\",\"children\":[{\"type\":\"column\",\"props\":{\"image_position\":\"center-center\",\"media_overlay_gradient\":\"\",\"position_sticky_breakpoint\":\"m\"},\"children\":[{\"name\":\"\",\"type\":\"grid\",\"props\":{\"show_title\":true,\"show_meta\":true,\"show_content\":true,\"show_image\":true,\"show_link\":true,\"grid_default\":\"2\",\"grid_medium\":\"4\",\"filter_style\":\"tab\",\"filter_all\":true,\"filter_position\":\"top\",\"filter_align\":\"left\",\"filter_grid_width\":\"auto\",\"title_element\":\"h2\",\"meta_style\":\"\",\"meta_align\":\"below-title\",\"image_align\":\"top\",\"image_grid_width\":\"1-2\",\"link_text\":\"Read more\",\"link_style\":\"default\",\"margin\":\"large\",\"grid_large\":\"4\",\"title_style\":\"h4\",\"meta_margin\":\"remove\",\"item_animation\":true,\"image_width\":\"440\",\"title_hover_style\":\"reset\",\"title_align\":\"top\",\"title_grid_width\":\"1-2\",\"image_svg_color\":\"emphasis\",\"filter_grid_breakpoint\":\"m\",\"title_grid_breakpoint\":\"m\",\"image_grid_breakpoint\":\"m\",\"icon_width\":80,\"meta_element\":\"div\",\"content_column_breakpoint\":\"m\",\"image_height\":\"700\"},\"children\":[{\"name\":\"\",\"type\":\"grid_item\",\"props\":{\"image\":\"wp-content\\\/uploads\\\/2021\\\/06\\\/4-scaled-e1624347363943.jpg\",\"title\":\"Silke Bens\",\"meta\":\"Trauerberatung \\u2022 Betreuung \\u2022 Bestattungsvorsorge \\u2022 Veranstaltungen\"}},{\"name\":\"\",\"type\":\"grid_item\",\"props\":{\"image\":\"wp-content\\\/uploads\\\/2021\\\/06\\\/2-scaled.jpg\",\"title\":\"Marvin Bens\",\"meta\":\"Fachgepr\\u00fcfter Thanatopraktiker \\u2022 Abholung \\u2022 Versorgung \\u2022 Aufbahrung \\u2022 \\u00dcberf\\u00fchrung \\u2022 Thanatopraxie\"}},{\"name\":\"\",\"type\":\"grid_item\",\"props\":{\"image\":\"wp-content\\\/uploads\\\/2021\\\/06\\\/5-scaled-e1624347392608.jpg\",\"title\":\"Jana Bens\",\"meta\":\"Kaufm\\u00e4nnische Angestellte \\u2022 Betreuung \\u2022 Trauerberatung \\u2022 Bestattungsvorsorge\",\"content\":\"\"}},{\"name\":\"\",\"type\":\"grid_item\",\"props\":{\"image\":\"wp-content\\\/uploads\\\/2021\\\/06\\\/3-scaled.jpg\",\"title\":\"Bruno\",\"meta\":\"B\\u00fcrohund\",\"content\":\"\"}}]}]}]}]},{\"name\":\"Call to Action\",\"type\":\"section\",\"props\":{\"style\":\"default\",\"width\":\"\",\"vertical_align\":\"middle\",\"title_position\":\"top-left\",\"title_rotation\":\"left\",\"title_breakpoint\":\"xl\",\"image_position\":\"center-center\",\"padding\":\"none\"},\"children\":[{\"name\":\"\",\"type\":\"row\",\"props\":{\"layout\":\"1-2,1-4,1-4|1-1,1-2,1-2\",\"vertical_align\":false,\"column_gap\":\"small\",\"row_gap\":\"small\"},\"children\":[{\"name\":\"\",\"type\":\"column\",\"props\":{\"image_position\":\"center-center\",\"image\":\"wp-content\\\/uploads\\\/2020\\\/12\\\/IMG_8563.jpg\",\"css\":\".el-column {\\n    min-height: 500px;\\n}\",\"image_size\":\"cover\",\"image_width\":\"1570\",\"media_overlay_gradient\":\"\",\"width_xlarge\":\"1-2\",\"width_large\":\"1-1\",\"width_medium\":\"1-2\",\"width_small\":\"1-1\",\"position_sticky_breakpoint\":\"m\"}},{\"name\":\"\",\"type\":\"column\",\"props\":{\"image_position\":\"center-center\",\"style\":\"primary\",\"padding\":\"xlarge\",\"media_overlay_gradient\":\"\",\"width_xlarge\":\"1-4\",\"width_large\":\"1-2\",\"width_medium\":\"1-4\",\"width_small\":\"1-2\",\"image\":\"wp-content\\\/uploads\\\/2020\\\/12\\\/Raum_2.jpg\",\"image_size\":\"cover\",\"media_overlay\":\"rgba(65, 91, 107, 0.9)\",\"position_sticky_breakpoint\":\"m\"},\"children\":[{\"name\":\"\",\"type\":\"panel\",\"props\":{\"link_text\":\"Find A Store\",\"title_element\":\"h2\",\"meta_style\":\"meta\",\"meta_align\":\"below-title\",\"image_align\":\"top\",\"image_grid_width\":\"1-2\",\"link_style\":\"text\",\"margin\":\"default\",\"text_align\":\"center\",\"title\":\"Wir sind an f\\u00fcnf Standorten f\\u00fcr Sie vertreten.\",\"meta\":\"\",\"link\":\"\",\"content\":\"\n\n<p>F\\u00fcr Abschiednahmen im besonders pers\\u00f6nlichen und w\\u00fcrdevollen Ambiente steht Ihnen au\\u00dferdem auch unsere Kleine Kapelle Bens mit Abschiedsraum und Andachtshalle zur Verf\\u00fcgung.\\u00a0<\\\/p>\\n\n\n<h5><strong>Wir sind gerne f\\u00fcr Sie da!<\\\/strong><\\\/h5>\",\"block_align\":\"center\",\"title_hover_style\":\"reset\",\"title_align\":\"top\",\"title_grid_width\":\"1-2\",\"image_svg_color\":\"emphasis\",\"title_grid_breakpoint\":\"m\",\"image_grid_breakpoint\":\"m\",\"icon_width\":80,\"meta_element\":\"div\",\"content_column_breakpoint\":\"m\",\"maxwidth\":\"large\"}}]},{\"name\":\"\",\"type\":\"column\",\"props\":{\"image_position\":\"center-center\",\"image\":\"wp-content\\\/uploads\\\/2020\\\/12\\\/IMG_8563_2.jpg\",\"css\":\".el-column {\\n    min-height: 400px;\\n}\",\"image_size\":\"cover\",\"image_width\":\"1170\",\"media_overlay_gradient\":\"\",\"width_xlarge\":\"1-4\",\"width_large\":\"1-2\",\"width_medium\":\"1-4\",\"width_small\":\"1-2\",\"position_sticky_breakpoint\":\"m\"}}]},{\"name\":\"\",\"type\":\"row\",\"props\":{\"layout\":\"2-5,3-5\",\"vertical_align\":false,\"column_gap\":\"small\",\"row_gap\":\"small\"},\"children\":[{\"name\":\"\",\"type\":\"column\",\"props\":{\"image_position\":\"center-center\",\"image\":\"wp-content\\\/uploads\\\/2021\\\/03\\\/IMG_8584.jpg\",\"css\":\".el-column {\\n    min-height: 500px;\\n}\",\"image_size\":\"cover\",\"image_width\":\"1570\",\"media_overlay_gradient\":\"\",\"width_medium\":\"2-5\",\"position_sticky_breakpoint\":\"m\"}},{\"name\":\"\",\"type\":\"column\",\"props\":{\"image_position\":\"center-center\",\"style\":\"primary\",\"padding\":\"xlarge\",\"media_overlay_gradient\":\"\",\"width_medium\":\"3-5\",\"image\":\"wp-content\\\/uploads\\\/2020\\\/12\\\/Buero_2.jpg\",\"image_size\":\"cover\",\"position_sticky_breakpoint\":\"m\"},\"children\":[]}]},{\"name\":\"\",\"type\":\"row\",\"props\":{\"layout\":\"1-2,1-2\",\"vertical_align\":false,\"column_gap\":\"small\",\"row_gap\":\"small\"},\"children\":[{\"name\":\"\",\"type\":\"column\",\"props\":{\"image_position\":\"center-center\",\"image\":\"\",\"css\":\".el-column {\\n    min-height: 500px;\\n}\",\"image_size\":\"cover\",\"image_width\":\"1570\",\"media_overlay_gradient\":\"\",\"width_medium\":\"1-2\",\"position_sticky_breakpoint\":\"m\"},\"children\":[{\"type\":\"map\",\"props\":{\"show_title\":true,\"type\":\"roadmap\",\"zoom\":11,\"controls\":true,\"zooming\":false,\"dragging\":false,\"height\":\"1000\",\"show_meta\":true,\"show_content\":true,\"show_image\":true,\"show_link\":true,\"min_zoom\":0,\"max_zoom\":18,\"title_hover_style\":\"reset\",\"title_element\":\"h3\",\"meta_style\":\"meta\",\"meta_align\":\"below-title\",\"meta_element\":\"div\",\"image_svg_color\":\"emphasis\",\"link_text\":\"Read more\",\"link_style\":\"default\",\"margin\":\"default\"},\"children\":[{\"type\":\"map_item\",\"props\":{\"title\":\"\",\"location\":\"53.4979,8.4464\",\"content\":\"\n\n<p><em><strong>POSTANSCHRIFT UND HAUPTSITZ<\\\/strong><\\\/em><br \\\/>Sarver Stra\\u00dfe 48<br \\\/>26954 Nordenham<\\\/p>\"}},{\"type\":\"map_item\",\"props\":{\"title\":\"\",\"location\":\"53.4994,8.47677\",\"content\":\"\n\n<p><em><strong>BESTATTUNGSHAUS BENS IN NORDENHAM<\\\/strong><br \\\/>Besprechungs-, Ausstellungs- und Abschiedsr\\u00e4ume<\\\/em><br \\\/>Fr\\u00f6belstr. 1<br \\\/>26954 Nordenham<\\\/p>\"}},{\"type\":\"map_item\",\"props\":{\"title\":\"\",\"location\":\"53.4021,8.45282\",\"content\":\"\n\n<p><em><strong>BESTATTUNGSHAUS BENS IN RODENKIRCHEN<\\\/strong><br \\\/>Besprechungs-, Ausstellungs- und Abschiedsr\\u00e4ume<\\\/em><br \\\/>Stadlander Platz 4a<br \\\/>26935 Stadland-Rodenkirchen<\\\/p>\"}},{\"type\":\"map_item\",\"props\":{\"title\":\"\",\"location\":\"53.3421,8.4213\",\"content\":\"\n\n<p><em><strong>BESTATTUNGSHAUS BENS IN OVELG\\u00d6NNE<\\\/strong><br \\\/>Besprechungs-, Ausstellungs- und Abschiedsr\\u00e4ume<\\\/em><br \\\/>Breite Stra\\u00dfe 21<br \\\/>26939 Ovelg\\u00f6nne<\\\/p>\"}},{\"type\":\"map_item\",\"props\":{\"title\":\"\",\"location\":\"53.4861,8.48093\",\"content\":\"\n\n<p><em><strong>KLEINE KAPELLE BENS<\\\/strong><br \\\/>Abschiedsr\\u00e4ume und Andachtshalle<\\\/em><br \\\/>St.\\u2013Laurentius-Stra\\u00dfe 7<br \\\/>26954 Nordenham<\\\/p>\"}}]}]},{\"name\":\"\",\"type\":\"column\",\"props\":{\"image_position\":\"center-center\",\"style\":\"primary\",\"padding\":\"xlarge\",\"media_overlay_gradient\":\"\",\"width_medium\":\"1-2\",\"image\":\"wp-content\\\/uploads\\\/2021\\\/07\\\/IMG_8593-scaled.jpg\",\"media_overlay\":\"rgba(65, 91, 107, 0.87)\",\"image_size\":\"cover\",\"position_sticky_breakpoint\":\"m\"},\"children\":[{\"name\":\"\",\"type\":\"panel\",\"props\":{\"link_text\":\"Find A Store\",\"title_element\":\"h2\",\"meta_style\":\"meta\",\"meta_align\":\"below-title\",\"image_align\":\"top\",\"image_grid_width\":\"1-2\",\"link_style\":\"text\",\"margin\":\"default\",\"text_align\":\"left\",\"title\":\"Hier finden Sie uns\",\"meta\":\"\",\"link\":\"\",\"content\":\"\n\n<p><em><strong>POSTANSCHRIFT UND HAUPTSITZ<\\\/strong><\\\/em><\\\/p>\\n\n\n<p data-pm-slice=\\\"1 1 [&quot;bulletList&quot;,null,&quot;listItem&quot;,null]\\\">Fr\\u00f6belstra\\u00dfe 1<br \\\/>26954 Nordenham<\\\/p>\\n\n\n<p><em><strong>BESTATTUNGSHAUS BENS IN NORDENHAM<\\\/strong><br \\\/>Besprechungs-, Ausstellungs- und Abschiedsr\\u00e4ume<\\\/em><br \\\/>Fr\\u00f6belstr. 1<br \\\/>26954 Nordenham<\\\/p>\\n\n\n<p data-pm-slice=\\\"1 1 [&quot;bulletList&quot;,null,&quot;listItem&quot;,null]\\\">Sarver Stra\\u00dfe 51<br \\\/>26954 Nordenham<\\\/p>\\n\n\n<p><em><strong>KLEINE KAPELLE BENS<\\\/strong><br \\\/>Abschiedsr\\u00e4ume und Andachtshalle<\\\/em><br \\\/>St.\\u2013Laurentius-Stra\\u00dfe 7<br \\\/>26954 Nordenham<\\\/p>\",\"block_align\":\"center\",\"title_hover_style\":\"reset\",\"title_align\":\"top\",\"title_grid_width\":\"1-2\",\"image_svg_color\":\"emphasis\",\"title_grid_breakpoint\":\"m\",\"image_grid_breakpoint\":\"m\",\"icon_width\":80,\"meta_element\":\"div\",\"content_column_breakpoint\":\"m\",\"content_column\":\"\",\"icon\":\"location\"}}]}]}]}],\"version\":\"2.7.22\"} --><\/p>\n","protected":false},"excerpt":{"rendered":"<p>Das Bens Bestattungen-Team Unser Bestattungshaus hat eine lange Geschichte. Mit dem Wandel der Zeit hat sich auch das Unternehmen stetig weiterentwickelt. Heute profitieren wir von unseren umfangreichen Erfahrungen in der Vergangenheit und von unserem Wissen. Als moderner Bestatterbetrieb blicken wir auf eine beachtliche Entwicklung zur\u00fcck. Wir stehen Ihnen seit 1898 zur Seite. Sprechen Sie uns [&hellip;]<\/p>\n","protected":false},"author":1,"featured_media":0,"parent":0,"menu_order":0,"comment_status":"closed","ping_status":"closed","template":"","meta":[],"_links":{"self":[{"href":"https:\/\/bens-bestattungen.de\/index.php\/wp-json\/wp\/v2\/pages\/700"}],"collection":[{"href":"https:\/\/bens-bestattungen.de\/index.php\/wp-json\/wp\/v2\/pages"}],"about":[{"href":"https:\/\/bens-bestattungen.de\/index.php\/wp-json\/wp\/v2\/types\/page"}],"author":[{"embeddable":true,"href":"https:\/\/bens-bestattungen.de\/index.php\/wp-json\/wp\/v2\/users\/1"}],"replies":[{"embeddable":true,"href":"https:\/\/bens-bestattungen.de\/index.php\/wp-json\/wp\/v2\/comments?post=700"}],"version-history":[{"count":88,"href":"https:\/\/bens-bestattungen.de\/index.php\/wp-json\/wp\/v2\/pages\/700\/revisions"}],"predecessor-version":[{"id":1218,"href":"https:\/\/bens-bestattungen.de\/index.php\/wp-json\/wp\/v2\/pages\/700\/revisions\/1218"}],"wp:attachment":[{"href":"https:\/\/bens-bestattungen.de\/index.php\/wp-json\/wp\/v2\/media?parent=700"}],"curies":[{"name":"wp","href":"https:\/\/api.w.org\/{rel}","templated":true}]}}