{"id":155,"date":"2020-12-03T09:20:41","date_gmt":"2020-12-03T09:20:41","guid":{"rendered":"http:\/\/bens-bestattungen.de\/?page_id=155"},"modified":"2022-06-22T06:12:42","modified_gmt":"2022-06-22T06:12:42","slug":"leistungen","status":"publish","type":"page","link":"https:\/\/bens-bestattungen.de\/index.php\/leistungen\/","title":{"rendered":"Leistungen"},"content":{"rendered":"<h1>Leistungen<\/h1>\n<div>\n<p>Angeh\u00f6rige betreuen wir vom ersten bis zum letzten Schritt \u2013 also vor und nach der Trauerfeier. Dazu geh\u00f6rt unsere fachlich versierte Beratung.<\/p>\n<\/div>\n<div>\n<p>        <img src=\"\/wp-content\/uploads\/2020\/12\/Buero_2.jpg\" alt=\"\"><\/p>\n<h2>Rundum-Betreuung<\/h2>\n<p>Unser Service f\u00fcr Sie<\/p>\n<div>\n<p>Wir \u00fcberf\u00fchren Verstorbene vom Sterbeort zum gew\u00fcnschten Ort der Beisetzung und organisieren alle Abl\u00e4ufe bis hin zur Trauerfeier. Beh\u00f6rdenangelegenheiten, wie die Anmeldung des Todesfalls beim zust\u00e4ndigen Standesamt und die Besorgung der Sterbeurkunde, nehmen wir f\u00fcr Sie in die Hand. Das beinhaltet auch das Besorgen der erforderlichen Unterlagen zur Beurkundung. Ihre Trauerfeier planen und gestalten wir nach Ihren pers\u00f6nlichen Vorstellungen und f\u00fchren die gew\u00fcnschte Beisetzung durch. Dazu legen wir in enger Absprache mit Ihnen die entsprechenden Termine fest.<\/p>\n<\/div>\n<\/div>\n<div>\n<p>        <img src=\"\/wp-content\/uploads\/2021\/02\/titelbild.jpg\" alt=\"\"><\/p>\n<h2>Bestattungsvorsorge<\/h2>\n<p>Informieren Sie sich zum Thema Bestattungen<\/p>\n<div>\n<p class=\"p1\"><span class=\"s1\"><b>Bestattungsvorsorge hei\u00dft, eigene W\u00fcnsche f\u00fcr die Zeit nach dem Tod festzuhalten.<\/b><\/span> <span class=\"s3\">Wenn Sie bereits wissen, wie Sie sich Ihre Trauerfeier und die Bestattung vorstellen, so legen Sie diese Entscheidungen verbindlich in einem Bestattungsvorsorgevertrag fest. So k\u00f6nnen Sie sicher sein, dass sp\u00e4ter alles nach Ihren Vorstellungen verl\u00e4uft. Dies bedeutet vor allem f\u00fcr Alleinstehende oder jene, deren Angeh\u00f6rige weit entfernt leben, eine gro\u00dfe Entlastung.<\/span><\/p>\n<p class=\"p1\"><span class=\"s1\"><b>Folgende Punkte k\u00f6nnen in einer Vorsorgevereinbarung eindeutig geregelt werden: <br \/><\/b><\/span><span class=\"s1\">Der Ort der Beisetzung, <\/span><span class=\"s1\">die Bestattungsart, d<\/span><span class=\"s1\">er musikalische Rahmen der Trauerfeier,\u00a0<\/span><span class=\"s1\">die Auswahl zwischen Sarg oder Urne, <\/span><span class=\"s1\">der Ablauf der Feierlichkeiten, nach der Beerdigung, <\/span><span class=\"s1\">die Form und der Inhalt von vorgesehenen Traueranzeigen, <\/span><span class=\"s1\">alle weiteren individuellen W\u00fcnsche<\/span><\/p>\n<\/div>\n<\/div>\n<div>\n<p>        <img src=\"\/wp-content\/uploads\/2021\/02\/friedwald-bestattung_01.jpg\" alt=\"\"><\/p>\n<h2>Beratung zur Bestattungsform<\/h2>\n<p>Grabwahl und verschiedene Formen der Bestattung<\/p>\n<div>\n<p>So pers\u00f6nlich wie m\u00f6glich und gem\u00e4\u00df dem letzten Willen des Verstorbenen planen wir alle n\u00f6tigen Schritte. Wenn kein Testament und kein ausdr\u00fccklicher Wunsch des Verstorbenen existiert, k\u00f6nnen Angeh\u00f6rige zwischen verschiedenen Bestattungsarten ausw\u00e4hlen.<\/p>\n<p><strong>Erdbestattung,\u00a0Anonyme Erdbestattung, <\/strong><strong>Feuerbestattung,\u00a0<\/strong><strong>Anonyme Feuerbestattung,\u00a0<\/strong><strong>Bestattung in einem Rasengrab,\u00a0<\/strong><strong>Seebestattung, <\/strong><strong>Baumbestattung, <\/strong><strong>Fingerprints, <\/strong><strong>Ascheamulette<\/strong><\/p>\n<p>Wir beraten Sie gerne im pers\u00f6nlichen Gespr\u00e4ch und erl\u00e4utern Ihnen die einzelnen Formen der Bestattung. Wir finden gemeinsam mit Ihnen die geeignete Form der Bestattung Ihres Angeh\u00f6rigen.<\/p>\n<\/div>\n<\/div>\n<div>\n<p>        <img src=\"\/wp-content\/uploads\/2021\/03\/IMG-20201123-WA0041.jpg\" alt=\"\"><\/p>\n<h2>Trauerfeier<\/h2>\n<p>Trauerfloristik, Trauerdruck, Trauermusik<\/p>\n<div>\n<p><strong>Blumendekorationen<\/strong> sind ein fester Bestandteil von Trauerfeiern. Die Wahl der Pflanzen, Farben und Kombinationen geben der Trauerfeier und der Bestattung eine sehr pers\u00f6nliche Note.<\/p>\n<p>Gerne k\u00fcmmern wir uns um die Gestaltung und den <strong>Druck Ihrer Trauerkarten, Danksagungen oder Trauerbriefe<\/strong>. Sprechen Sie mit uns \u00fcber Ihre Vorstellungen und W\u00fcnsche. Wir finden gemeinsam die passenden Motive, Texte und Designs.<\/p>\n<p><strong>Musik<\/strong> hat bei der Gestaltung der Trauerfeier eine gro\u00dfe Bedeutung. Denn kaum etwas wirkt so emotional wie eine Melodie. Sie weckt Erinnerungen, schafft Raum f\u00fcr Besinnung, sie stimmt fr\u00f6hlich oder auch melancholisch. Sie k\u00f6nnen sich an den Lieblingsst\u00fccken des Verstorbenen ebenso orientieren wie an bew\u00e4hrten, modernen oder klassischen St\u00fccken.<\/p>\n<\/div>\n<\/div>\n<div>\n<p>        <img src=\"\/wp-content\/uploads\/2020\/12\/IMG_8563.jpg\" alt=\"\"><\/p>\n<h2>Unsere kleine Kapelle<\/h2>\n<p>Andachtshalle<\/p>\n<div>\n<p>Der Tod eines nahestehenden Menschen stellt uns als Angeh\u00f6rige oder Freunde vor eine Vielzahl von Fragen und Problemen. Es f\u00e4llt uns oft schwer, den gesch\u00e4tzen Menschen in angemessener Form zu ehren und den Gef\u00fchlen der Zur\u00fcckbleibenden Raum zu geben.<\/p>\n<p>In unserer hauseigenen Kapelle geben wir jeder Familie die M\u00f6glichkeit der individuellen, ganz pers\u00f6nlichen Abschiednahme.<\/p>\n<p>Wir m\u00f6chten Sie auf dem Weg begleiten und Ihnen helfen, dem Tod etwas Tr\u00f6stliches entgegenzusetzen.<\/p>\n<p>\u00a0<\/p>\n<\/div>\n<p><a href=\"http:\/\/www.kleine-kapelle-bens.de\/index.php\">Mehr erfahren<\/a><\/p>\n<\/div>\n<p><!--more--><br \/>\n<!-- {\"name\":\"Speakers\",\"type\":\"layout\",\"children\":[{\"name\":\"Speakers\",\"type\":\"section\",\"props\":{\"style\":\"default\",\"width\":\"large\",\"image_size\":\"cover\",\"padding\":\"large\",\"padding_remove_bottom\":true,\"animation\":\"slide-bottom\",\"animation_delay\":\"200\",\"image\":\"wp-content\\\/uploads\\\/2020\\\/12\\\/ammonit_hellblau.svg\",\"image_position\":\"bottom-left\",\"vertical_align\":\"middle\",\"title_position\":\"top-left\",\"title_rotation\":\"left\",\"title_breakpoint\":\"xl\",\"image_parallax_bgy_end\":\"600\",\"image_parallax_breakpoint\":\"m\",\"media_overlay\":\"rgba(255, 255, 255, 0.86)\",\"preserve_color\":true,\"media_visibility\":\"m\"},\"children\":[{\"name\":\"\",\"type\":\"row\",\"props\":{\"margin\":\"xlarge\",\"margin_remove_top\":false,\"layout\":\"1-3,2-3\",\"divider\":true},\"children\":[{\"name\":\"\",\"type\":\"column\",\"props\":{\"image_position\":\"center-center\",\"width_medium\":\"1-3\",\"media_overlay_gradient\":\"\",\"position_sticky_breakpoint\":\"m\"},\"children\":[{\"name\":\"\",\"type\":\"headline\",\"props\":{\"title_element\":\"h1\",\"content\":\"Leistungen\",\"title_style\":\"heading-small\",\"text_align\":\"right\"}}]},{\"type\":\"column\",\"props\":{\"image_position\":\"center-center\",\"media_overlay_gradient\":\"\",\"width_medium\":\"2-3\",\"position_sticky_breakpoint\":\"m\"},\"children\":[{\"name\":\"\",\"type\":\"text\",\"props\":{\"column_breakpoint\":\"m\",\"margin\":\"medium\",\"content\":\"\n\n<p>Angeh\\u00f6rige betreuen wir vom ersten bis zum letzten Schritt \\u2013 also vor und nach der Trauerfeier. Dazu geh\\u00f6rt unsere fachlich versierte Beratung.<\\\/p>\",\"class\":\"\",\"maxwidth\":\"xlarge\",\"text_style\":\"lead\"}}]}]},{\"name\":\"\",\"type\":\"row\",\"props\":{\"layout\":\"3-4,1-4\",\"match\":true},\"children\":[{\"name\":\"\",\"type\":\"column\",\"props\":{\"image_position\":\"center-center\",\"width_medium\":\"3-4\",\"media_overlay_gradient\":\"\",\"position_sticky_breakpoint\":\"m\"},\"children\":[{\"name\":\"\",\"type\":\"panel\",\"props\":{\"link_text\":\"Read more\",\"title_element\":\"h2\",\"meta_style\":\"meta\",\"meta_align\":\"below-title\",\"image_align\":\"left\",\"image_grid_width\":\"1-2\",\"link_style\":\"default\",\"margin\":\"default\",\"image\":\"wp-content\\\/uploads\\\/2020\\\/12\\\/Buero_2.jpg\",\"panel_style\":\"card-primary\",\"title\":\"Rundum-Betreuung\",\"title_style\":\"h2\",\"meta\":\"Unser Service f\\u00fcr Sie\",\"content\":\"\n\n<p>Wir \\u00fcberf\\u00fchren Verstorbene vom Sterbeort zum gew\\u00fcnschten Ort der Beisetzung und organisieren alle Abl\\u00e4ufe bis hin zur Trauerfeier. Beh\\u00f6rdenangelegenheiten, wie die Anmeldung des Todesfalls beim zust\\u00e4ndigen Standesamt und die Besorgung der Sterbeurkunde, nehmen wir f\\u00fcr Sie in die Hand. Das beinhaltet auch das Besorgen der erforderlichen Unterlagen zur Beurkundung. Ihre Trauerfeier planen und gestalten wir nach Ihren pers\\u00f6nlichen Vorstellungen und f\\u00fchren die gew\\u00fcnschte Beisetzung durch. Dazu legen wir in enger Absprache mit Ihnen die entsprechenden Termine fest.<\\\/p>\",\"class\":\"\",\"meta_margin\":\"small\",\"id\":\"speakers-emily-jeffreys\",\"image_width\":\"609\",\"image_grid_column_gap\":\"collapse\",\"image_grid_row_gap\":\"collapse\",\"image_grid_breakpoint\":\"s\",\"icon_width\":80,\"title_hover_style\":\"reset\",\"title_align\":\"top\",\"title_grid_width\":\"1-2\",\"title_grid_breakpoint\":\"m\",\"content_column_breakpoint\":\"m\",\"image_svg_color\":\"emphasis\",\"meta_element\":\"div\",\"meta_color\":\"secondary\",\"panel_image_no_padding\":true,\"panel_padding\":\"large\"}}]},{\"name\":\"\",\"type\":\"column\",\"props\":{\"image_position\":\"center-center\",\"width_medium\":\"1-4\",\"media_overlay_gradient\":\"\",\"position_sticky_breakpoint\":\"m\"},\"children\":[]}]},{\"name\":\"\",\"type\":\"row\",\"props\":{\"layout\":\"1-4,3-4\"},\"children\":[{\"name\":\"\",\"type\":\"column\",\"props\":{\"image_position\":\"center-center\",\"width_medium\":\"1-4\",\"media_overlay_gradient\":\"\",\"position_sticky_breakpoint\":\"m\"}},{\"name\":\"\",\"type\":\"column\",\"props\":{\"image_position\":\"center-center\",\"width_medium\":\"3-4\",\"media_overlay_gradient\":\"\",\"position_sticky_breakpoint\":\"m\"},\"children\":[{\"name\":\"\",\"type\":\"panel\",\"props\":{\"link_text\":\"Read more\",\"title_element\":\"h2\",\"meta_style\":\"meta\",\"meta_align\":\"below-title\",\"image_align\":\"left\",\"image_grid_width\":\"1-2\",\"link_style\":\"default\",\"margin\":\"default\",\"image\":\"wp-content\\\/uploads\\\/2021\\\/02\\\/titelbild.jpg\",\"panel_style\":\"card-primary\",\"title\":\"Bestattungsvorsorge\",\"title_style\":\"h2\",\"meta\":\"Informieren Sie sich zum Thema Bestattungen\",\"content\":\"\n\n<p class=\\\"p1\\\"><span class=\\\"s1\\\"><b>Bestattungsvorsorge hei\\u00dft, eigene W\\u00fcnsche f\\u00fcr die Zeit nach dem Tod festzuhalten.<\\\/b><\\\/span> <span class=\\\"s3\\\">Wenn Sie bereits wissen, wie Sie sich Ihre Trauerfeier und die Bestattung vorstellen, so legen Sie diese Entscheidungen verbindlich in einem Bestattungsvorsorgevertrag fest. So k\\u00f6nnen Sie sicher sein, dass sp\\u00e4ter alles nach Ihren Vorstellungen verl\\u00e4uft. Dies bedeutet vor allem f\\u00fcr Alleinstehende oder jene, deren Angeh\\u00f6rige weit entfernt leben, eine gro\\u00dfe Entlastung.<\\\/span><\\\/p>\\n\n\n<p class=\\\"p1\\\"><span class=\\\"s1\\\"><b>Folgende Punkte k\\u00f6nnen in einer Vorsorgevereinbarung eindeutig geregelt werden: <br \\\/><\\\/b><\\\/span><span class=\\\"s1\\\">Der Ort der Beisetzung, <\\\/span><span class=\\\"s1\\\">die Bestattungsart, d<\\\/span><span class=\\\"s1\\\">er musikalische Rahmen der Trauerfeier,\\u00a0<\\\/span><span class=\\\"s1\\\">die Auswahl zwischen Sarg oder Urne, <\\\/span><span class=\\\"s1\\\">der Ablauf der Feierlichkeiten, nach der Beerdigung, <\\\/span><span class=\\\"s1\\\">die Form und der Inhalt von vorgesehenen Traueranzeigen, <\\\/span><span class=\\\"s1\\\">alle weiteren individuellen W\\u00fcnsche<\\\/span><\\\/p>\",\"class\":\"\",\"meta_margin\":\"small\",\"id\":\"speakers-steven-lee\",\"image_vertical_align\":false,\"image_width\":\"609\",\"image_grid_column_gap\":\"collapse\",\"image_grid_row_gap\":\"collapse\",\"image_grid_breakpoint\":\"s\",\"icon_width\":80,\"title_hover_style\":\"reset\",\"title_align\":\"top\",\"title_grid_width\":\"1-2\",\"title_grid_breakpoint\":\"m\",\"content_column_breakpoint\":\"m\",\"image_svg_color\":\"emphasis\",\"meta_element\":\"div\",\"panel_image_no_padding\":true,\"panel_padding\":\"large\"}}]}]},{\"name\":\"\",\"type\":\"row\",\"props\":{\"layout\":\"3-4,1-4\"},\"children\":[{\"name\":\"\",\"type\":\"column\",\"props\":{\"image_position\":\"center-center\",\"width_medium\":\"3-4\",\"media_overlay_gradient\":\"\",\"position_sticky_breakpoint\":\"m\"},\"children\":[{\"name\":\"\",\"type\":\"panel\",\"props\":{\"link_text\":\"Read more\",\"title_element\":\"h2\",\"meta_style\":\"meta\",\"meta_align\":\"below-title\",\"image_align\":\"left\",\"image_grid_width\":\"1-2\",\"link_style\":\"default\",\"margin\":\"default\",\"image\":\"wp-content\\\/uploads\\\/2021\\\/02\\\/friedwald-bestattung_01.jpg\",\"panel_style\":\"card-primary\",\"title\":\"Beratung zur Bestattungsform\",\"title_style\":\"h2\",\"meta\":\"Grabwahl und verschiedene Formen der Bestattung\",\"content\":\"\n\n<p>So pers\\u00f6nlich wie m\\u00f6glich und gem\\u00e4\\u00df dem letzten Willen des Verstorbenen planen wir alle n\\u00f6tigen Schritte. Wenn kein Testament und kein ausdr\\u00fccklicher Wunsch des Verstorbenen existiert, k\\u00f6nnen Angeh\\u00f6rige zwischen verschiedenen Bestattungsarten ausw\\u00e4hlen.<\\\/p>\\n\n\n<p><strong>Erdbestattung,\\u00a0Anonyme Erdbestattung, <\\\/strong><strong>Feuerbestattung,\\u00a0<\\\/strong><strong>Anonyme Feuerbestattung,\\u00a0<\\\/strong><strong>Bestattung in einem Rasengrab,\\u00a0<\\\/strong><strong>Seebestattung, <\\\/strong><strong>Baumbestattung, <\\\/strong><strong>Fingerprints, <\\\/strong><strong>Ascheamulette<\\\/strong><\\\/p>\\n\n\n<p>Wir beraten Sie gerne im pers\\u00f6nlichen Gespr\\u00e4ch und erl\\u00e4utern Ihnen die einzelnen Formen der Bestattung. Wir finden gemeinsam mit Ihnen die geeignete Form der Bestattung Ihres Angeh\\u00f6rigen.<\\\/p>\",\"class\":\"\",\"meta_margin\":\"small\",\"id\":\"speakers-alison-fisher\",\"image_width\":\"609\",\"image_grid_column_gap\":\"collapse\",\"image_grid_row_gap\":\"collapse\",\"image_grid_breakpoint\":\"s\",\"icon_width\":80,\"title_hover_style\":\"reset\",\"title_align\":\"top\",\"title_grid_width\":\"1-2\",\"title_grid_breakpoint\":\"m\",\"content_column_breakpoint\":\"m\",\"image_svg_color\":\"emphasis\",\"meta_element\":\"div\",\"panel_image_no_padding\":true,\"panel_padding\":\"large\"}}]},{\"name\":\"\",\"type\":\"column\",\"props\":{\"image_position\":\"center-center\",\"width_medium\":\"1-4\",\"media_overlay_gradient\":\"\",\"position_sticky_breakpoint\":\"m\"}}]},{\"name\":\"\",\"type\":\"row\",\"props\":{\"layout\":\"1-4,3-4\"},\"children\":[{\"name\":\"\",\"type\":\"column\",\"props\":{\"image_position\":\"center-center\",\"width_medium\":\"1-4\",\"media_overlay_gradient\":\"\",\"position_sticky_breakpoint\":\"m\"}},{\"name\":\"\",\"type\":\"column\",\"props\":{\"image_position\":\"center-center\",\"width_medium\":\"3-4\",\"media_overlay_gradient\":\"\",\"position_sticky_breakpoint\":\"m\"},\"children\":[{\"name\":\"\",\"type\":\"panel\",\"props\":{\"link_text\":\"Read more\",\"title_element\":\"h2\",\"meta_style\":\"meta\",\"meta_align\":\"below-title\",\"image_align\":\"left\",\"image_grid_width\":\"1-2\",\"link_style\":\"default\",\"margin\":\"default\",\"image\":\"wp-content\\\/uploads\\\/2021\\\/03\\\/IMG-20201123-WA0041.jpg\",\"panel_style\":\"card-primary\",\"title\":\"Trauerfeier\",\"title_style\":\"h2\",\"meta\":\"Trauerfloristik, Trauerdruck, Trauermusik\",\"content\":\"\n\n<p><strong>Blumendekorationen<\\\/strong> sind ein fester Bestandteil von Trauerfeiern. Die Wahl der Pflanzen, Farben und Kombinationen geben der Trauerfeier und der Bestattung eine sehr pers\\u00f6nliche Note.<\\\/p>\\n\n\n<p>Gerne k\\u00fcmmern wir uns um die Gestaltung und den <strong>Druck Ihrer Trauerkarten, Danksagungen oder Trauerbriefe<\\\/strong>. Sprechen Sie mit uns \\u00fcber Ihre Vorstellungen und W\\u00fcnsche. Wir finden gemeinsam die passenden Motive, Texte und Designs.<\\\/p>\\n\n\n<p><strong>Musik<\\\/strong> hat bei der Gestaltung der Trauerfeier eine gro\\u00dfe Bedeutung. Denn kaum etwas wirkt so emotional wie eine Melodie. Sie weckt Erinnerungen, schafft Raum f\\u00fcr Besinnung, sie stimmt fr\\u00f6hlich oder auch melancholisch. Sie k\\u00f6nnen sich an den Lieblingsst\\u00fccken des Verstorbenen ebenso orientieren wie an bew\\u00e4hrten, modernen oder klassischen St\\u00fccken.<\\\/p>\",\"class\":\"\",\"meta_margin\":\"small\",\"id\":\"speakers-johnathan-rogers\",\"image_width\":\"609\",\"image_grid_column_gap\":\"collapse\",\"image_grid_row_gap\":\"collapse\",\"image_grid_breakpoint\":\"s\",\"icon_width\":80,\"title_hover_style\":\"reset\",\"title_align\":\"top\",\"title_grid_width\":\"1-2\",\"title_grid_breakpoint\":\"m\",\"content_column_breakpoint\":\"m\",\"image_svg_color\":\"emphasis\",\"meta_element\":\"div\",\"icon\":\"\",\"panel_image_no_padding\":true,\"panel_padding\":\"large\"}}]}]},{\"name\":\"\",\"type\":\"row\",\"props\":{\"layout\":\"3-4,1-4\"},\"children\":[{\"name\":\"\",\"type\":\"column\",\"props\":{\"image_position\":\"center-center\",\"width_medium\":\"3-4\",\"media_overlay_gradient\":\"\",\"position_sticky_breakpoint\":\"m\"},\"children\":[{\"name\":\"\",\"type\":\"panel\",\"props\":{\"link_text\":\"Mehr erfahren\",\"title_element\":\"h2\",\"meta_style\":\"meta\",\"meta_align\":\"below-title\",\"image_align\":\"left\",\"image_grid_width\":\"1-2\",\"link_style\":\"default\",\"margin\":\"default\",\"image\":\"wp-content\\\/uploads\\\/2020\\\/12\\\/IMG_8563.jpg\",\"panel_style\":\"card-primary\",\"title\":\"Unsere kleine Kapelle\",\"title_style\":\"h2\",\"meta\":\"Andachtshalle\",\"content\":\"\n\n<p>Der Tod eines nahestehenden Menschen stellt uns als Angeh\\u00f6rige oder Freunde vor eine Vielzahl von Fragen und Problemen. Es f\\u00e4llt uns oft schwer, den gesch\\u00e4tzen Menschen in angemessener Form zu ehren und den Gef\\u00fchlen der Zur\\u00fcckbleibenden Raum zu geben.<\\\/p>\\n\n\n<p>In unserer hauseigenen Kapelle geben wir jeder Familie die M\\u00f6glichkeit der individuellen, ganz pers\\u00f6nlichen Abschiednahme.<\\\/p>\\n\n\n<p>Wir m\\u00f6chten Sie auf dem Weg begleiten und Ihnen helfen, dem Tod etwas Tr\\u00f6stliches entgegenzusetzen.<\\\/p>\\n\n\n<p>\\u00a0<\\\/p>\",\"class\":\"\",\"meta_margin\":\"small\",\"id\":\"speakers-alison-fisher\",\"image_width\":\"609\",\"image_grid_column_gap\":\"collapse\",\"image_grid_row_gap\":\"collapse\",\"image_grid_breakpoint\":\"s\",\"icon_width\":80,\"title_hover_style\":\"reset\",\"title_align\":\"top\",\"title_grid_width\":\"1-2\",\"title_grid_breakpoint\":\"m\",\"content_column_breakpoint\":\"m\",\"image_svg_color\":\"emphasis\",\"meta_element\":\"div\",\"link\":\"http:\\\/\\\/www.kleine-kapelle-bens.de\\\/index.php\",\"link_target\":true,\"panel_image_no_padding\":true,\"panel_padding\":\"large\"}}]},{\"name\":\"\",\"type\":\"column\",\"props\":{\"image_position\":\"center-center\",\"width_medium\":\"1-4\",\"media_overlay_gradient\":\"\",\"position_sticky_breakpoint\":\"m\"}}]},{\"name\":\"\",\"type\":\"row\",\"props\":{\"layout\":\"3-4,1-4\"},\"children\":[{\"name\":\"\",\"type\":\"column\",\"props\":{\"image_position\":\"center-center\",\"width_medium\":\"3-4\",\"media_overlay_gradient\":\"\",\"position_sticky_breakpoint\":\"m\"},\"children\":[]},{\"name\":\"\",\"type\":\"column\",\"props\":{\"image_position\":\"center-center\",\"width_medium\":\"1-4\",\"media_overlay_gradient\":\"\",\"position_sticky_breakpoint\":\"m\"}}]}]}],\"version\":\"2.7.22\"} --><\/p>\n","protected":false},"excerpt":{"rendered":"<p>Leistungen Angeh\u00f6rige betreuen wir vom ersten bis zum letzten Schritt \u2013 also vor und nach der Trauerfeier. Dazu geh\u00f6rt unsere fachlich versierte Beratung. Rundum-Betreuung Unser Service f\u00fcr Sie Wir \u00fcberf\u00fchren Verstorbene vom Sterbeort zum gew\u00fcnschten Ort der Beisetzung und organisieren alle Abl\u00e4ufe bis hin zur Trauerfeier. Beh\u00f6rdenangelegenheiten, wie die Anmeldung des Todesfalls beim zust\u00e4ndigen Standesamt [&hellip;]<\/p>\n","protected":false},"author":1,"featured_media":0,"parent":0,"menu_order":0,"comment_status":"closed","ping_status":"closed","template":"","meta":[],"_links":{"self":[{"href":"https:\/\/bens-bestattungen.de\/index.php\/wp-json\/wp\/v2\/pages\/155"}],"collection":[{"href":"https:\/\/bens-bestattungen.de\/index.php\/wp-json\/wp\/v2\/pages"}],"about":[{"href":"https:\/\/bens-bestattungen.de\/index.php\/wp-json\/wp\/v2\/types\/page"}],"author":[{"embeddable":true,"href":"https:\/\/bens-bestattungen.de\/index.php\/wp-json\/wp\/v2\/users\/1"}],"replies":[{"embeddable":true,"href":"https:\/\/bens-bestattungen.de\/index.php\/wp-json\/wp\/v2\/comments?post=155"}],"version-history":[{"count":96,"href":"https:\/\/bens-bestattungen.de\/index.php\/wp-json\/wp\/v2\/pages\/155\/revisions"}],"predecessor-version":[{"id":1203,"href":"https:\/\/bens-bestattungen.de\/index.php\/wp-json\/wp\/v2\/pages\/155\/revisions\/1203"}],"wp:attachment":[{"href":"https:\/\/bens-bestattungen.de\/index.php\/wp-json\/wp\/v2\/media?parent=155"}],"curies":[{"name":"wp","href":"https:\/\/api.w.org\/{rel}","templated":true}]}}