{"id":1178,"date":"2022-06-10T09:43:11","date_gmt":"2022-06-10T09:43:11","guid":{"rendered":"http:\/\/bens-bestattungen.de\/?page_id=1178"},"modified":"2024-03-25T10:13:52","modified_gmt":"2024-03-25T10:13:52","slug":"datenschutz","status":"publish","type":"page","link":"https:\/\/bens-bestattungen.de\/index.php\/datenschutz\/","title":{"rendered":"Datenschutz"},"content":{"rendered":"\n<p>Datenschutzrechtlich verantwortlich f\u00fcr diese Website ist:<\/p>\n\n\n\n<p>Bens&nbsp;Bestattungen<\/p>\n\n\n\n<p>Inh. Marvin\u00a0Bens<\/p>\n\n\n\n<p>Fr\u00f6belstra\u00dfe 1<br>26954 Nordenham<\/p>\n\n\n\n<p>Telefon: +49 (0) 4731 &#8211; 211 69<br>Telefax: +49 (0) 4731 &#8211; 231 24<\/p>\n\n\n\n<p>E-Mailadresse:&nbsp;<a href=\"mailto:info@bens-bestattungen.de\"><u>info@bens-bestattungen.de<\/u><\/a><\/p>\n\n\n\n<p>Weitere Kontaktdaten finden Sie in unserem&nbsp;<a href=\"http:\/\/www.bens-bestattungen.de\/impressum.html\" target=\"_blank\" rel=\"noreferrer noopener\">Impressum<\/a>.<\/p>\n\n\n\n<h2>E-Mails<\/h2>\n\n\n\n<p>Wenn Sie uns per E-Mail Anfragen zukommen lassen, verarbeiten wir Ihre darin gemachten Angaben inklusive der von Ihnen angegebenen Kontaktdaten zur Bearbeitung der Anfrage. F\u00fcr den Fall von Anschlussfragen werden diese Daten au\u00dferdem bei uns gespeichert. Rechtsgrundlage hierf\u00fcr ist Art. 6 Abs. 1 b) DSGVO (Vertragserf\u00fcllung und vorvertragliche Ma\u00dfnahmen).<\/p>\n\n\n\n<h2>Nutzung des Gedenkportals auf dieser Website<\/h2>\n\n\n\n<p>F\u00fcr die Gedenkportalfunktion auf dieser Seite werden neben Ihrem Kommentar\/Eintrag\/Kondolenz auch Angaben zum Zeitpunkt der Erstellung des Kommentars\/Eintrags\/Kondolenzschreibens und, wenn Sie nicht anonym posten, der von Ihnen gew\u00e4hlte Nutzername gespeichert und den Besuchern der Website angezeigt. Rechtsgrundlage hierf\u00fcr ist Art. 6 Abs. 1 b) DSGVO (Vertragserf\u00fcllung und vorvertragliche Ma\u00dfnahmen).<\/p>\n\n\n\n<p>Unsere Gedenkportalfunktion speichert au\u00dferdem f\u00fcr bis zu sechs Monate die E-Mail-Adressen und die IP-Adressen der Nutzer, die Kommentare\/Eintr\u00e4ge\/Kondolenzschreiben verfassen. Da wir Kommentare\/Eintr\u00e4ge\/Kondolenzschreiben auf unserer Seite nicht vor der Freischaltung pr\u00fcfen, ben\u00f6tigen wir diese Daten, um im Falle von Missbr\u00e4uchen oder Rechtsverletzungen (wie z.B. Beleidigungen oder Propaganda) ein rechtliches Vorgehen gegen den Verfasser zu erm\u00f6glichen. Rechtsgrundlage hierf\u00fcr ist Art. 6 Abs. 1 f) DSGVO (Interessenabw\u00e4gung, basierend auf unserem Interesse, das Risiko von Missbr\u00e4uchen oder Rechtsverletzungen zu reduzieren).<\/p>\n\n\n\n<h2>Server-Log-Files<\/h2>\n\n\n\n<p>Unser Web-Server erhebt und speichert automatisch Informationen, die Ihr Browser automatisch an uns \u00fcbermittelt, f\u00fcr bis zu sechs Monate in sog. Server-Log-Files. Diese Informationen sind:<\/p>\n\n\n\n<ul><li>Browsertyp und Browserversion<\/li><li>verwendetes Betriebssystem<\/li><li>zuvor besuchte Internet-Seite (\u201eReferrer URL\u201c)<\/li><li>IP-Adresse des zugreifenden Rechners<\/li><li>Uhrzeit der Serveranfrage<\/li><\/ul>\n\n\n\n<p>Eine Zusammenf\u00fchrung dieser Daten mit anderen Datenquellen wird in der Regel nicht vorgenommen. Wir behalten uns jedoch vor, diese Daten nachtr\u00e4glich zu pr\u00fcfen und f\u00fcr technische und\/oder rechtliche Abwehrma\u00dfnahmen zu verwenden, wenn uns konkrete Anhaltspunkte f\u00fcr eine missbr\u00e4uchliche oder rechtswidrige Nutzung bekannt werden. Rechtsgrundlage hierf\u00fcr ist Art. 6 Abs. 1 f) DSGVO (Interessenabw\u00e4gung, basierend auf unserem Interesse, das Risiko von Missbr\u00e4uchen oder Rechtsverletzungen zu reduzieren).<\/p>\n\n\n\n<h2>Google Maps<\/h2>\n\n\n\n<p>Diese Seite nutzt den Kartendienst Google Maps. Anbieter ist die Google Inc., 1600 Amphitheatre Parkway, Mountain View, CA 94043, USA. Wenn Sie eine unserer Seiten mit Google-Maps-Karten besuchen, stellt Ihr Browser eine direkte Verbindung zu den Servern von Google her und ruft die Karten dort ab, um sie Ihnen anzuzeigen. Rechtsgrundlage hierf\u00fcr ist Art. 6 Abs. 1 f) DSGVO (Interessenabw\u00e4gung, basierend auf unserem Interesse, eine Website mit m\u00f6glichst hilfreichen Inhalten anzubieten).<\/p>\n\n\n\n<p>Zur Nutzung der Funktionen von Google Maps ist es notwendig, Ihre IP-Adresse sowie Informationen \u00fcber Ihre eventuelle Nutzung der Karte zu verarbeiten. Diese Informationen werden von Ihrem Internet-Browser an einen Server von Google in den USA \u00fcbertragen und dort durch Google verarbeitet. Es gibt aktuell keinen Beschluss der EU-Kommission, dass die USA allgemein ein angemessenes Datenschutzniveau bieten. Google hat sich jedoch zur Einhaltung des vom US-Handelsministerium ver\u00f6ffentlichten Privacy-Shield-Abkommens zwischen der EU und den USA \u00fcber die Erhebung, Nutzung und Speicherung von personenbezogenen Daten aus den Mitgliedsstaaten der EU verpflichtet. Weitere Informationen hierzu finden Sie hier: https:\/\/support.google.com\/analytics\/answer\/7105316?hl=de<\/p>\n\n\n\n<p>Mehr Informationen zum Umgang mit Nutzerdaten finden Sie in der Datenschutzerkl\u00e4rung von Google:&nbsp;<a href=\"https:\/\/www.google.de\/intl\/de\/policies\/privacy\" target=\"_blank\" rel=\"noreferrer noopener\">https:\/\/www.google.de\/intl\/de\/policies\/privacy<\/a><\/p>\n\n\n\n<h2>Cookies<\/h2>\n\n\n\n<p>Die Internetseiten verwenden teilweise so genannte Cookies. Cookies richten auf Ihrem Rechner keinen Schaden an und enthalten keine Viren. Cookies dienen dazu, unser Angebot nutzerfreundlicher, effektiver und sicherer zu machen. Cookies sind kleine Textdateien, die auf Ihrem Rechner abgelegt werden und die Ihr Browser speichert.<\/p>\n\n\n\n<p>Die meisten der von uns verwendeten Cookies sind so genannte \u201eSession-Cookies\u201c. Sie werden nach Ende Ihres Besuchs automatisch gel\u00f6scht. Andere Cookies bleiben auf Ihrem Endger\u00e4t gespeichert, bis Sie diese l\u00f6schen. Diese Cookies erm\u00f6glichen es uns, Ihren Browser beim n\u00e4chsten Besuch wiederzuerkennen.<\/p>\n\n\n\n<p>Sie k\u00f6nnen Ihren Browser so einstellen, dass Sie \u00fcber das Setzen von Cookies informiert werden und Cookies nur im Einzelfall erlauben, die Annahme von Cookies f\u00fcr bestimmte F\u00e4lle oder generell ausschlie\u00dfen sowie das automatische L\u00f6schen der Cookies beim Schlie\u00dfen des Browser aktivieren. Bei der Deaktivierung von Cookies kann die Funktionalit\u00e4t dieser Website eingeschr\u00e4nkt sein.<br><\/p>\n\n\n\n<h3>Digitaler Nachlass &amp; Formalit\u00e4tenerledigung<\/h3>\n\n\n\n<p>Auf unserer Webseite r\u00e4umen wir Ihnen die M\u00f6glichkeit ein, Zugang zum Formalit\u00e4tenportal zu erlangen um Vertr\u00e4ge von verstorbenen Personen ab- oder umzumelden sowie die Regelung des Digitalen Nachlasses zu vollziehen. Die Nutzung dieses Services ist \u00fcber die Einbettung eines Widgets (iframes) der Firma Columba Online Identity Management AG umgesetzt. Wir haben mit diesem Dienstleister einen Vertrag \u00fcber das Verfahren zur Auftragsdatenverarbeitung (ADV-Vertrag) abgeschlossen. Dadurch wird sichergestellt, dass sich unser Dienstleister bei der Verarbeitung von personenbezogenen Daten in allen Punkten an die strengen Vorgaben des deutschen (BDSG) und europ\u00e4ischen (DSGVO) Datenschutzrechts h\u00e4lt. Dadurch ist auch sichergestellt, dass Ihre Daten nur innerhalb der EU mit einem hohen Schutzniveau gespeichert werden. Eine Speicherung Ihrer Daten auf Servern au\u00dferhalb der EU findet nicht statt<\/p>\n\n\n\n<h2>Speicherdauer<\/h2>\n\n\n\n<p>Soweit nicht anders angegeben, speichern wir Ihre Daten, solange wir sie f\u00fcr die Bearbeitung Ihres jeweiligen Anliegens ben\u00f6tigen. Danach werden die meisten Ihrer Daten sofort, im \u00dcbrigen nach Ablauf ggf. bestehender handels- und steuerrechtlicher Aufbewahrungspflichten nach 10 Jahren gel\u00f6scht. Ihre Kommunikationsdaten l\u00f6schen wir sp\u00e4testens nach Ablauf von 6 Jahren, soweit sie nicht f\u00fcr die Bearbeitung Ihres jeweiligen Anliegens noch ben\u00f6tigt werden.<\/p>\n\n\n\n<h2>Bereitstellung von Daten durch Sie<\/h2>\n\n\n\n<p>Die Bereitstellung von personenbezogenen Daten durch Sie ist weder gesetzlich noch vertraglich vorgeschrieben noch f\u00fcr einen Vertragsabschluss erforderlich. Sie sind nicht verpflichtet, personenbezogene Daten bereitzustellen. Wenn Sie die f\u00fcr bestimmte Services ben\u00f6tigten Daten jedoch nicht bereitstellen, k\u00f6nnen wir die jeweiligen Services nicht erbringen (z.B. k\u00f6nnen wir Anfragen von Ihnen nur bearbeiten, wenn Sie die Anfrage und ggf. zus\u00e4tzlich ben\u00f6tigte Informationen an uns \u00fcbermitteln).<\/p>\n\n\n\n<h2>Ihre Rechte<\/h2>\n\n\n\n<p>Sie haben jederzeit das Recht auf unentgeltliche Auskunft \u00fcber zu Ihrer Person gespeicherte personenbezogene Daten sowie deren Herkunft und Empf\u00e4nger. Soweit die gesetzlichen Voraussetzungen vorliegen, haben Sie ein Recht auf Berichtigung, Sperrung oder L\u00f6schung dieser Daten sowie auf Einschr\u00e4nkung der Verarbeitung. Sie haben weiter das Recht, die Sie betreffenden Daten, die Sie uns bereitgestellt haben, in einem strukturierten, g\u00e4ngigen und maschinenlesbaren Format von uns zu erhalten; Sie k\u00f6nnen diese Daten an andere Stellen \u00fcbermitteln oder \u00fcbermitteln lassen. Sie haben au\u00dferdem ein Beschwerderecht bei der zust\u00e4ndigen Aufsichtsbeh\u00f6rde f\u00fcr den Datenschutz.<\/p>\n\n\n\n<p>Hierzu sowie zu weiteren Fragen zum Thema personenbezogene Daten k\u00f6nnen Sie sich jederzeit unter der folgenden Adresse an uns wenden:<\/p>\n\n\n\n<p>Ansprechpartner f\u00fcr Datenschutz des Unternehmens:<\/p>\n\n\n\n<p>Uwe Bens<\/p>\n\n\n\n<p>Sarver Stra\u00dfe 48<br>26954 Nordenham<\/p>\n\n\n\n<p>Telefon: +49 (0) 4731 &#8211; 211 69<br>Telefax: +49 (0) 4731 &#8211; 231 24<\/p>\n\n\n\n<p>E-Mailadresse:&nbsp;<a href=\"mailto:info@bens.de\">info@bens.de<\/a><\/p>\n","protected":false},"excerpt":{"rendered":"<p>Datenschutzrechtlich verantwortlich f\u00fcr diese Website ist: Bens&nbsp;Bestattungen Inh. Marvin\u00a0Bens Fr\u00f6belstra\u00dfe 126954 Nordenham Telefon: +49 (0) 4731 &#8211; 211 69Telefax: +49 (0) 4731 &#8211; 231 24 E-Mailadresse:&nbsp;info@bens-bestattungen.de Weitere Kontaktdaten finden Sie in unserem&nbsp;Impressum. E-Mails Wenn Sie uns per E-Mail Anfragen zukommen lassen, verarbeiten wir Ihre darin gemachten Angaben inklusive der von Ihnen angegebenen Kontaktdaten zur Bearbeitung [&hellip;]<\/p>\n","protected":false},"author":1,"featured_media":0,"parent":0,"menu_order":0,"comment_status":"closed","ping_status":"closed","template":"","meta":[],"_links":{"self":[{"href":"https:\/\/bens-bestattungen.de\/index.php\/wp-json\/wp\/v2\/pages\/1178"}],"collection":[{"href":"https:\/\/bens-bestattungen.de\/index.php\/wp-json\/wp\/v2\/pages"}],"about":[{"href":"https:\/\/bens-bestattungen.de\/index.php\/wp-json\/wp\/v2\/types\/page"}],"author":[{"embeddable":true,"href":"https:\/\/bens-bestattungen.de\/index.php\/wp-json\/wp\/v2\/users\/1"}],"replies":[{"embeddable":true,"href":"https:\/\/bens-bestattungen.de\/index.php\/wp-json\/wp\/v2\/comments?post=1178"}],"version-history":[{"count":3,"href":"https:\/\/bens-bestattungen.de\/index.php\/wp-json\/wp\/v2\/pages\/1178\/revisions"}],"predecessor-version":[{"id":1227,"href":"https:\/\/bens-bestattungen.de\/index.php\/wp-json\/wp\/v2\/pages\/1178\/revisions\/1227"}],"wp:attachment":[{"href":"https:\/\/bens-bestattungen.de\/index.php\/wp-json\/wp\/v2\/media?parent=1178"}],"curies":[{"name":"wp","href":"https:\/\/api.w.org\/{rel}","templated":true}]}}